s the units digit of a?
9
Let q(j) = -j**3 - 5*j**2 - j - 1. Suppose 17 = -5*h - 8. What is the units digit of q(h)?
4
Suppose -4*y - 2*o + 10 = 0, 4*y + 0*o - 11 = -3*o. What is the units digit of (y/4)/((-3)/(-30))?
5
Suppose -12 = -8*o + 5*o. Suppose -5*t = -f - 3*f - 242, 0 = -4*t + 2*f + 190. Suppose o*v - 8 = -4*m, 5*m = 4*v - 9 + t. What is the units digit of m?
5
Suppose -r = -3*r + 32. What is the tens digit of r/(-3)*15/(-5)?
1
Let i = 9 - 6. Let d = -3 + 3. Suppose -3*f + i*u = 2*f - 2, d = -f + u. What is the units digit of f?
1
Suppose 2*i - 288 = -2*i. What is the units digit of i?
2
Suppose 6*r = -r + 238. What is the units digit of r?
4
Let k(y) = 1 - y - 4*y + 7*y. What is the units digit of k(6)?
3
Let j(f) = 2*f**2 + 32*f + 16. What is the units digit of j(-21)?
6
Let r = 8 + -4. Suppose r*n + 3*u - 19 = 0, -11 = -4*n + 5*u - 0*u. Suppose -48 + 16 = -n*o. What is the units digit of o?
8
What is the units digit of (4/(-6))/(58/(-32451))?
3
Let g(f) = -4*f - 15. What is the units digit of g(-6)?
9
Let q(h) = h + 12. What is the units digit of q(-7)?
5
Let j = 7 - 4. Let c be j - 2*1/2. What is the units digit of (33/6 - c)*2?
7
Let k(z) = z**2 - 6*z - 6. Let g be k(6). Let m = g + 8. What is the units digit of m?
2
What is the units digit of (-1)/3 - 10/(-3)?
3
Suppose g = 4*g + 6. Let m = g - -6. Suppose -m*h = -2*h - 16. What is the units digit of h?
8
Let p = -3 + 6. Suppose 3*r + 0 = -4*t + 14, 0 = r - p*t + 4. What is the units digit of r?
2
Suppose 2*m + 53 = 151. Let j = m - 27. What is the units digit of j?
2
Let w be (9/(-2) + 4)*0. Suppose 3*n - 52 - 17 = w. What is the tens digit of n?
2
Let g(s) = -s**2 + 2*s. Let j be g(3). What is the units digit of (5 - 0)*3 + j?
2
Suppose -25*y = -21*y - 352. What is the tens digit of y?
8
Let b(k) = k**3 + 6*k**2 - 10*k - 8. What is the tens digit of b(-7)?
1
Let n(o) = -o**3 + o**2 - 3*o + 2. Let u be n(2). Let s(f) be the second derivative of -f**3/6 - 3*f**2 + f. What is the units digit of s(u)?
2
Let g = -5 - -11. Suppose -g = -3*n + p - 0, 0 = -2*n - 5*p + 21. Suppose -13 + n = -a. What is the units digit of a?
0
Let t(m) = -m**3 - 11*m**2 + 9*m - 1. What is the units digit of t(-12)?
5
Suppose -5*r = -i - 7, 2*i + r - 1 - 7 = 0. Suppose -3*c + 39 = i*s, -s - 4*s + 4*c + 38 = 0. What is the tens digit of s?
1
Let j(d) = d**2 + 16*d + 43. What is the units digit of j(-21)?
8
Let m be 1 - 0 - -3 - 0. Let j(o) = 2*o**2 - 6*o + 4. What is the units digit of j(m)?
2
Let u = 3 + 1. What is the units digit of (2 - -3)*(-3 + u)?
5
Let q(w) = -w**2 + 5*w + 2. Let n be q(5). Suppose 0 = -i + b + n*b - 3, -5*i - 2*b - 32 = 0. Let g(o) = o**2 + 6*o + 8. What is the units digit of g(i)?
8
Suppose 245 = 4*k + w, -4*w - 45 = -k - w. What is the tens digit of k?
6
Suppose -2*g = t - 73, -2*t = -5*g - 0*t + 160. What is the units digit of g?
4
Suppose 5*u - 9 = -x, 4*x + 4*u = 3*x + 7. Let v be 17 + 2*x + 3. Suppose 0*o - 2*t = 3*o - v, 5*t = -5*o + 25. What is the units digit of o?
8
Let w = 0 - -2. Suppose 3*m - w*m - 12 = -3*h, m = -2*h + 9. Suppose 0 = 3*b + 2*n - 24, 3*b = m*n + 41 - 17. What is the units digit of b?
8
Suppose 111 = 4*t + 35. Suppose -h = -c + 4, -c - 2*c - 4*h = -t. What is the units digit of c?
5
What is the units digit of 3/(-3 - 6)*-27?
9
Let y = 1 + 35. What is the units digit of y?
6
Let r(p) be the second derivative of 5*p**4/12 - 2*p**3/3 + p**2 - 2*p. Suppose -2*q - 5*b + 24 = 0, 22 = 5*q + 5*b - 2*b. What is the units digit of r(q)?
4
Let k(m) be the first derivative of -m**2 - 2. Let b be k(1). What is the tens digit of 39*(b + 14/6)?
1
Suppose 4*j - 7 = 45. Suppose -y - y + 29 = 3*z, j = -y + 4*z. What is the units digit of y?
7
Let u(p) = 3*p - 10. Let r(x) = -x**3 + 7*x**2 - 4*x - 5. Let g be r(6). What is the tens digit of u(g)?
1
Suppose f - 2*u = -f - 8, 4*f = -u - 6. Let k(x) = 8*x**2 + 4*x + 2. What is the units digit of k(f)?
6
Suppose -2*s - 32 = -6*s. Let r = s - -4. What is the units digit of r?
2
Suppose 5*p = 4*p - 2*i, -2*p - 3*i + 4 = 0. Suppose -2 = -2*j + 12. Let z = p - j. What is the units digit of z?
1
Let k(g) = -6*g**2 - 4*g - 3. Let y be k(-2). Let o = -11 - y. Let i = o + -5. What is the units digit of i?
3
Suppose 4*p = 5*r + 102, 5*r + 92 = 5*p - 38. Suppose o - 14 = 4*v + v, 3*v - p = -2*o. What is the tens digit of o?
1
Let f(u) = -u**2 - 4*u + 7. Suppose 0 = -4*a - a - 25. Let i be f(a). What is the units digit of 15/9 - i/3?
1
Suppose -p = -4*p. Suppose p = 2*o + o - 39. What is the units digit of o?
3
Let m(b) = 31*b**2 - 2*b + 2. What is the units digit of m(1)?
1
Let o(l) = -l**2 - 11*l - 12. Let n be o(-8). Let d = -7 + n. Let f = d + 5. What is the tens digit of f?
1
Suppose l - t - t = 6, 0 = -4*l - 3*t - 20. Let h be (-8 - -10)*(-4)/l. Suppose -a + 5*a - h*k = 36, a + 4*k - 9 = 0. What is the units digit of a?
9
Let b be 6*-2*(-10)/(-6). Let f be 6*1*b/(-6). Suppose 0 = r + 4*r - f. What is the units digit of r?
4
Let z be 12/3*(-1)/(-2). Suppose 3*o - z = 1. What is the units digit of o?
1
Let s(l) = 57*l**3 + l**2 + 2*l - 2. What is the units digit of s(1)?
8
What is the tens digit of -2 + (-12)/(-7) + (-2360)/(-28)?
8
Suppose -b = 5*w + 10, 6 = -3*w - 2*b - 0. Let d be (w + 2)/(-2 - 0). Suppose 24 = -2*m + 6*m - 2*n, d = -5*n + 10. What is the units digit of m?
7
Suppose 0 = -p - 5*l - 16 + 42, 0 = 4*p - 5*l + 21. Let r = 0 - p. Let j = r - -2. What is the units digit of j?
1
Suppose -5*t - 3*n = 3, 4*t + 8 = -2*n + 4. Let u(v) = -v - 1. What is the units digit of u(t)?
2
Suppose -x - 9 = -40. What is the tens digit of x?
3
Let d(o) = 3*o**2 + 15*o + 22. What is the units digit of d(-5)?
2
Let s = 27 + 60. What is the units digit of s?
7
Let q = 75 + -53. What is the units digit of q?
2
Let v(g) = -g**2 + 13*g - 15. Let a be v(11). Let s = -1 + a. What is the units digit of s?
6
Let z(m) = m**2 - m + 4. Suppose 3*t - t = 0. Let o be z(t). Suppose -o*b = -14 - 2. What is the units digit of b?
4
Let a be (-30)/24*(-4 + 0). Suppose -2*f + f - a*s = -20, 5*f - s = 74. What is the units digit of f?
5
Let t(w) = w**2 + w + 1. Suppose -2*b + 0*b = -4. Let r(o) = o**3 - 3*o**2 - o - 2. Let x(m) = b*t(m) + r(m). What is the units digit of x(1)?
1
Let d(z) = -z - 1. Let p be d(-6). Suppose 15 = -0*u + p*u. What is the units digit of u?
3
Let s = 6 + -6. Let d(b) = -b**2 + 14. Let j be d(s). Suppose q = -3 + j. What is the tens digit of q?
1
Let u(l) be the third derivative of -l**5/60 - l**4/4 + 5*l**3/6 + l**2. Let a = 1 + -5. What is the tens digit of u(a)?
1
Let k be ((-328)/10)/((-1)/5). Let t = -112 + k. Suppose -2*u + t = 2*u. What is the units digit of u?
3
Suppose -10*y - 144 = -794. What is the units digit of y?
5
Let l(m) = -m**2 + 3*m + 7. Let r be l(5). Let a(w) = w**2 + 3. What is the units digit of a(r)?
2
Let g be -3*5/(30/(-4)). Suppose 0*u - 5*u = -g*y + 37, 5 = y + 2*u. What is the tens digit of y?
1
Let c(j) = 2*j**2 - j + 3. Let q be c(4). Let v = q - 21. What is the tens digit of v?
1
Let w = 72 + -39. What is the tens digit of w?
3
Suppose -4*f = -417 + 85. What is the tens digit of f?
8
Suppose 0*f - 4*q + 23 = 5*f, -5*f = -4*q - 7. Suppose 5*h = z - 11 - 28, 3*z = 2*h + 130. Suppose f*u - z = 13. What is the tens digit of u?
1
Let p be (4/6)/((-1)/(-39)). Let d = p - 14. What is the tens digit of d?
1
Suppose 0 = -3*f + 2*o + 35 + 30, -4*o + 20 = 0. What is the units digit of f?
5
Let q(o) = 2*o - 9. Let s be q(6). Suppose 6*t - 6 = s*t. Suppose t*k - 3 = -1. What is the units digit of k?
1
Suppose 5*r - 72 = 133. What is the tens digit of r?
4
Let r be 128/24 + 1/(-3). Suppose 0*o = -2*x - 5*o + 47, -r*x + 4*o + 35 = 0. What is the units digit of x?
1
Let a(c) be the second derivative of -c**3/6 + 2*c**2 + 2*c. Let b = -21 - -15. What is the units digit of a(b)?
0
Let l(r) = r**3 - 10*r**2 + 13*r + 1. Let p be l(9). Let f be (4/(-3))/((-2)/6). Suppose 5*n - p = c - 4*c, 4*c - f = -n. What is the units digit of n?
8
Let j(y) = 2*y**3 + 2*y**2 - 7*y - 9. What is the units digit of j(4)?
3
Suppose 3*h + 6*h - 792 = 0. What is the tens digit of h?
8
Let b(w) = 6*w**3 + 2*w**2 - 4*w. What is the units digit of b(2)?
8
Let w = 40 + -20. What is the units digit of w?
0
Let m = -38 + 66. What is the unit